hat is the tens digit of 15197156?
5
What is the thousands digit of 15550553?
0
What is the hundred thousands digit of 4833574?
8
What is the hundreds digit of 1655826?
8
What is the thousands digit of 317396?
7
What is the tens digit of 928343?
4
What is the thousands digit of 1389738?
9
What is the hundred thousands digit of 1016068?
0
What is the ten thousands digit of 210365?
1
What is the thousands digit of 18321111?
1
What is the tens digit of 4742122?
2
What is the tens digit of 131180?
8
What is the ten thousands digit of 323283?
2
What is the units digit of 768830?
0
What is the millions digit of 8994696?
8
What is the ten thousands digit of 13969436?
6
What is the tens digit of 22415333?
3
What is the tens digit of 6564?
6
What is the hundreds digit of 1887045?
0
What is the ten thousands digit of 105422?
0
What is the thousands digit of 241974?
1
What is the units digit of 2990188?
8
What is the tens digit of 82478?
7
What is the units digit of 20030098?
8
What is the ten thousands digit of 299436?
9
What is the hundreds digit of 262797?
7
What is the thousands digit of 596322?
6
What is the ten thousands digit of 11101?
1
What is the units digit of 3261544?
4
What is the tens digit of 25191347?
4
What is the tens digit of 196879?
7
What is the tens digit of 185231?
3
What is the units digit of 4115127?
7
What is the hundred thousands digit of 784815?
7
What is the ten thousands digit of 2038263?
3
What is the millions digit of 1453703?
1
What is the hundred thousands digit of 1064933?
0
What is the tens digit of 749721?
2
What is the thousands digit of 304687?
4
What is the hundred thousands digit of 464807?
4
What is the thousands digit of 1773601?
3
What is the tens digit of 219672?
7
What is the units digit of 3898195?
5
What is the tens digit of 295264?
6
What is the tens digit of 5560496?
9
What is the millions digit of 1095397?
1
What is the millions digit of 7670188?
7
What is the millions digit of 3440715?
3
What is the units digit of 1589923?
3
What is the thousands digit of 2981820?
1
What is the tens digit of 18463490?
9
What is the thousands digit of 104182?
4
What is the hundreds digit of 7763390?
3
What is the units digit of 93356?
6
What is the ten thousands digit of 48261?
4
What is the millions digit of 2788725?
2
What is the hundred thousands digit of 422728?
4
What is the thousands digit of 978862?
8
What is the tens digit of 580637?
3
What is the tens digit of 5930681?
8
What is the ten thousands digit of 496888?
9
What is the thousands digit of 183447?
3
What is the units digit of 11087531?
1
What is the tens digit of 270649?
4
What is the thousands digit of 19588?
9
What is the hundreds digit of 2269849?
8
What is the ten thousands digit of 4095355?
9
What is the ten thousands digit of 19440383?
4
What is the thousands digit of 1176315?
6
What is the thousands digit of 17313?
7
What is the millions digit of 3631881?
3
What is the ten thousands digit of 895367?
9
What is the millions digit of 21627919?
1
What is the hundred thousands digit of 574951?
5
What is the thousands digit of 352216?
2
What is the ten thousands digit of 627293?
2
What is the hundred thousands digit of 113321?
1
What is the tens digit of 587509?
0
What is the ten thousands digit of 1395939?
9
What is the ten thousands digit of 446516?
4
What is the thousands digit of 1658900?
8
What is the ten thousands digit of 126115?
2
What is the ten millions digit of 17542359?
1
What is the hundred thousands digit of 13854106?
8
What is the thousands digit of 891987?
1
What is the tens digit of 162431?
3
What is the hundreds digit of 2332201?
2
What is the hundreds digit of 53030?
0
What is the hundred thousands digit of 493095?
4
What is the tens digit of 125930?
3
What is the thousands digit of 37713748?
3
What is the thousands digit of 7306513?
6
What is the hundred thousands digit of 285023?
2
What is the ten thousands digit of 864236?
6
What is the ten thousands digit of 1135980?
3
What is the hundred thousands digit of 1125086?
1
What is the tens digit of 22724513?
1
What is the ten thousands digit of 239445?
3
What is the thousands digit of 662013?
2
What is the tens digit of 1522560?
6
What is the thousands digit of 367741?
7
What is the tens digit of 427021?
2
What is the hundred thousands digit of 5345245?
3
What is the ten thousands digit of 2115232?
1
What is the hundreds digit of 4469590?
5
What is the tens digit of 180372?
7
What is the thousands digit of 743460?
3
What is the units digit of 169870?
0
What is the hundreds digit of 53761?
7
What is the hundred thousands digit of 115919?
1
What is the units digit of 1417826?
6
What is the thousands digit of 397498?
7
What is the millions digit of 5713675?
5
What is the thousands digit of 59791?
9
What is the millions digit of 1267919?
1
What is the thousands digit of 2866299?
6
What is the hundred thousands digit of 4591593?
5
What is the units digit of 61587?
7
What is the units digit of 109095?
5
What is the hundred thousands digit of 389183?
3
What is the hundreds digit of 4516174?
1
What is the tens digit of 4322524?
2
What is the tens digit of 6122814?
1
What is the tens digit of 1972939?
3
What is the ten thousands digit of 3346763?
4
What is the hundred thousands digit of 7250609?
2
What is the hundreds digit of 327130?
1
What is the tens digit of 278141?
4
What is the hundreds digit of 5196073?
0
What is the units digit of 3065933?
3
What is the tens digit of 581200?
0
What is the units digit of 721538?
8
What is the millions digit of 3330944?
3
What is the units digit of 131805?
5
What is the units digit of 347725?
5
What is the thousands digit of 658272?
8
What is the thousands digit of 10572277?
2
What is the hundred thousands digit of 299368?
2
What is the hundred thousands digit of 946100?
9
What is the hundreds digit of 1734113?
1
What is the hundreds digit of 32940?
9
What is the tens digit of 129115?
1
What is the ten thousands digit of 9710747?
1
What is the thousands digit of 3485766?
5
What is the millions digit of 9132225?
9
What is the ten thousands digit of 171417?
7
What is the ten thousands digit of 617929?
1
What is the hundreds digit of 1293321?
3
What is the hundreds digit of 395567?
5
What is the units digit of 3670335?
5
What is the millions digit of 2312317?
2
What is the units digit of 16140172?
2
What is the hundreds digit of 18112071?
0
What is the tens digit of 6349570?
7
What is the hundreds digit of 23373?
3
What is the units digit of 1209200?
0
What is the ten thousands digit of 37058510?
5
What is the tens digit of 217137?
3
What is the thousands digit of 238107?
8
What is the tens digit of 142819?
1
What is the units digit of 31172581?
1
What is the hundred thousands digit of 2182718?
1
What is the thousands digit of 4589754?
9
What is the units digit of 1190033?
3
What is the tens digit of 238565?
6
What is the ten thousands digit of 4471858?
7
What is the hundred thousands digit of 13263431?
2
What is the hundred thousands digit of 142977?
1
What is the hundred thousands digit of 4031276?
0
What is the millions digit of 15954920?
5
What is the hundred thousands digit of 7013717?
0
What is the thousands digit of 161680?
1
What is the millions digit of 1717740?
1
What is the units digit of 350810?
0
What is the tens digit of 3391736?
3
What is the hundred thousands digit of 2531984?
5
What is the ten thousands digit of 2171772?
7
What is the thousands digit of 222683?
2
What is the hundreds digit of 4541069?
0
What is the tens digit of 1424017?
1
What is the hundred thousands digit of 158652?
1
What is the units digit of 1193223?
3
What is the units digit of 3918474?
4
What is the units digit of 2741395?
5
What is the ten thousands digit of 4069896?
6
What is the thousands digit of 193515?
3
What is the ten thousands digit of 4215778?
1
What is the units digit of 251749?
9
What is the ten millions digit of 10872710?
1
What is the millions digit of 12305772?
2
What is the units digit of 15020172?
2
What is the units digit of 162599?
9
What is the thousands digit of 892645?
2
What is the hundred thousands digit of 6301640?
3
What is the ten thousands digit of 879165?
7
What is the ten thousands digit of 7237322?
3
What is the hundreds digit of 191